{"id":2,"date":"2017-03-14T16:12:13","date_gmt":"2017-03-14T15:12:13","guid":{"rendered":"https:\/\/www.djfio.de\/wp\/?page_id=2"},"modified":"2017-06-28T11:27:30","modified_gmt":"2017-06-28T09:27:30","slug":"beispiel-seite","status":"publish","type":"page","link":"https:\/\/www.djfio.de\/?page_id=2","title":{"rendered":"Ihr Event"},"content":{"rendered":"<p class=\"font_8\"><span style=\"font-size: 12pt;\"><strong>Legen Sie Ihre Feier in professionelle H\u00e4nde!<\/strong><\/span><\/p>\n<p class=\"font_8\">Wenn es darum geht, etwas wirklich Einzigartiges zu planen, sollte man nichts dem Zufall \u00fcberlassen.<\/p>\n<p class=\"font_8\">Mit Blick auf die Gestaltung Ihrer Party ist der erste Eindruck in jedem Fall der entscheidende. Wer sich da auf einen unerfahrenen DJ verl\u00e4sst, wird oft selbst im Laufe eines h\u00f6chstwahrscheinlich sehr kurzen Abends von seinen G\u00e4sten verlassen.<\/p>\n<p class=\"font_8\">Und genau das gilt es ja zu verhindern. Mit einer Feierlichkeit, ganz gleich, welcher Art, will man schlie\u00dflich erreichen, dass jeder Spa\u00df hat, sich gut unterhalten f\u00fchlt und man kann in stimmungsvoller Atmosph\u00e4re neue Kontakte kn\u00fcpfen.<\/p>\n<p class=\"font_8\">Deejay FiO&nbsp;macht jeden Geburtstag, jede Firmenfeier und jede Hochzeit garantiert zu etwas Au\u00dfergew\u00f6hnlichem. Wie aufregend kann es doch sein, gemeinsam mit netten Leuten eine tolle Zeit zu verbringen, ausgelassen zu feiern, w\u00e4hrend im Hintergrund erstklassige Musik und trendige Beats gespielt werden.<\/p>\n<p class=\"font_8\">Passend zu jedem Anlass und zu jedem Geschmack: da wird jede Firmenfeier, jeder Geburtstag und jede Hochzeit zum unvergesslichen Event.<\/p>\n<p class=\"font_8\">Gibt es etwas Sch\u00f6neres, als derma\u00dfen gut zu feiern und sich von einem erfahrenen DJ Entertainen zu lassen, und sich selbst noch nach Jahren gerne an dieses Erlebnis zu erinnern? &#8211; Wohl kaum!<\/p>\n<h1 class=\"font_8\"><span style=\"font-size: 14pt;\"><strong>Hochzeit<\/strong><\/span><\/h1>\n<h6 class=\"font_6\"><span style=\"font-size: 12pt;\"><strong>Was spielt der DJ zu Ihrer Hochzeit?<\/strong><\/span><\/h6>\n<p class=\"font_8\">Bei der Planung des sch\u00f6nsten Tages in Ihrem Leben sollten Sie nichts dem Zufall \u00fcberlassen. Bei der musikalischen Abendgestaltung stellt sich oftmals die Frage: Was spielt der DJ zu Ihrer Hochzeit? Ich beantwortet Ihnen diese Frage genau:<\/p>\n<p class=\"font_8\">&nbsp;<\/p>\n<ul class=\"font_8\">\n<li>\n<p class=\"font_8\">Der DJ spielt dezente Hintergrundmusik zu Ihrem Sektempfang und Abendessen<\/p>\n<\/li>\n<li>\n<p class=\"font_8\">Zum Er\u00f6ffnungstanz h\u00e4lt er, wenn nicht anders gew\u00fcnscht, einen passenden Walzer bereit<\/p>\n<\/li>\n<li>\n<p class=\"font_8\">Er unterst\u00fctzt Sie und Ihre G\u00e4ste f\u00fcr geplante Einlagen wie Reden, Spiele und weiteres<\/p>\n<\/li>\n<li>\n<p class=\"font_8\">Er untermalt den Einmarsch der Hochzeitstorte mit einem passenden dramatischen Song<\/p>\n<\/li>\n<li>\n<p class=\"font_8\">Er spielt Ihren Wunschhit zum Brautstrau\u00dfwerfen<\/p>\n<\/li>\n<li>\n<p class=\"font_8\">Und bei der Party sind Ihre pers\u00f6nlichen Hits ganz vorne mit dabei<\/p>\n<\/li>\n<\/ul>\n<p class=\"font_8\">&nbsp;<\/p>\n<h6 class=\"font_6\"><span style=\"font-size: 12pt;\"><strong>Ihre Wunschmusik auf Ihrer Feier:<\/strong><\/span><\/h6>\n<p class=\"font_8\">Im Verlaufe des Abends werden viele verschiedene Musikw\u00fcnsche aus den verschiedensten Stilrichtungen ge\u00e4u\u00dfert. Da ist von Disco-Fox \u00fcber Rock bis hin zu aktuellen Charts alles dabei.<\/p>\n<p class=\"font_8\">Jetzt stellen Sie sich vor, dass ein gebuchter Alleinunterhalter die aktuellen Hits von z.B. Avicii bzw. David Guetta oder Rock-Klassiker wie AC\/DC oder Green Day spielen soll. Sp\u00e4testens jetzt sollte f\u00fcr all diejenigen klar sein, die nicht nur Disco-Fox und Schlager auf Ihrer Hochzeit h\u00f6ren wollen, nicht um den passenden Hochzeits-DJ herum zu kommen.<\/p>\n<p class=\"font_8\">&nbsp;Darum bitte ich Sie, auch mir das &#8222;JA-Wort&#8220; zu geben um auch Ihre Hochzeit in ein bezauberndes Erlebnis zu verwandeln. Lassen Sie sich noch heute ein unverbindliches&nbsp;<a href=\"https:\/\/www.djfio.de\/wp\/?page_id=76\">Angebot<\/a>&nbsp;von mir unterbreiten.<\/p>\n<p class=\"font_8\"><span style=\"font-size: 12pt;\"><strong>&nbsp;Musikw\u00fcnsche Ihrer G\u00e4ste:<\/strong><\/span><\/p>\n<p class=\"font_8\">W\u00e4hrend Ihrer Feier liegen, wenn Sie es m\u00f6chten, Musikwunschzettel f\u00fcr Ihre G\u00e4ste aus. Somit k\u00f6nnen sich G\u00e4ste auch Ihre Musik bestellen. Absprachen bez\u00fcglich Aufbautermin der Anlage und Hausregeln in Ihrer Location bespreche ich mit dem Gastronom.&nbsp;So wird die Anlage zum vereinbarten Zeitpunkt aufgebaut sein und ich empfange Sie und Ihre G\u00e4ste mit passender Hintergrundmusik.<\/p>\n<h1 class=\"font_6\"><span style=\"font-size: 14pt;\"><strong>Einmal im Jahr feiert man seinen Geburtstag.<\/strong><\/span><\/h1>\n<p class=\"font_8\">Ob es der Runde ist oder nicht, es ist ein Grund zum Feiern! DJ FiO&nbsp;ist Ihr zuverl\u00e4ssiger Partner f\u00fcr dieses Event.<\/p>\n<p class=\"font_8\">&nbsp;Verwandte, Freunde, Nachbarn und Arbeitskollegen wollen gerne mit Ihnen feiern. Die Nichte, sowie auch die Ur-Oma wollen, genauso wie Sie selbst, zu der Musik tanzen bzw. feiern. Ich werde einen bunten Mix spielen um alle G\u00e4ste und auch Sie musikalisch zufrieden zu stellen. Und nat\u00fcrlich sind Ihre pers\u00f6nlichen Favoriten ganz vorne mit dabei.<\/p>\n","protected":false},"excerpt":{"rendered":"<p>Legen Sie Ihre Feier in professionelle H\u00e4nde! Wenn es darum geht, etwas wirklich Einzigartiges zu planen, sollte man nichts dem Zufall \u00fcberlassen. Mit&#8230;<\/p>\n","protected":false},"author":1,"featured_media":0,"parent":0,"menu_order":1,"comment_status":"closed","ping_status":"open","template":"","meta":{"saved_in_kubio":false,"ngg_post_thumbnail":0,"jetpack_post_was_ever_published":false,"footnotes":""},"class_list":["post-2","page","type-page","status-publish","hentry"],"kubio_ai_page_context":{"short_desc":"","purpose":"general"},"jetpack_sharing_enabled":true,"jetpack_shortlink":"https:\/\/wp.me\/P8vw28-2","jetpack-related-posts":[{"id":83,"url":"https:\/\/www.djfio.de\/?page_id=83","url_meta":{"origin":2,"position":0},"title":"Deejay FiO","author":"fio","date":"8. Juni 2017","format":false,"excerpt":"Musik begleitet mich schon mein ganzes Leben. Mit meiner Leidenschaft begeistere ich seit Jahren meine Kunden auf Ihren pers\u00f6nlichen Events. Ich begann 1989 als DJ in einer Disco in unsrer Stadt und auf \u00a0verschiedenen Feiern Musik zu machen. Sei es die Schule oder der Sportverein gewesen, oft wurde nur nach\u2026","rel":"","context":"\u00c4hnlicher Beitrag","block_context":{"text":"\u00c4hnlicher Beitrag","link":""},"img":{"alt_text":"","src":"","width":0,"height":0},"classes":[]},{"id":536,"url":"https:\/\/www.djfio.de\/?page_id=536","url_meta":{"origin":2,"position":1},"title":"Datenschutzerkl\u00e4rung","author":"fio","date":"1. Juni 2018","format":false,"excerpt":"Wer wir sind Die Adresse unserer Website ist: https:\/\/www.djfio.de. Welche personenbezogenen Daten wir sammeln und warum wir sie sammeln Kommentare Wenn Besucher Kommentare auf der Website schreiben, sammeln wir die Daten, die im Kommentar-Formular angezeigt werden, au\u00dferdem die IP-Adresse des Besuchers und den User-Agent-String (damit wird der Browser identifiziert), um\u2026","rel":"","context":"\u00c4hnlicher Beitrag","block_context":{"text":"\u00c4hnlicher Beitrag","link":""},"img":{"alt_text":"","src":"","width":0,"height":0},"classes":[]},{"id":65,"url":"https:\/\/www.djfio.de\/?page_id=65","url_meta":{"origin":2,"position":2},"title":"Preise","author":"fio","date":"8. Juni 2017","format":false,"excerpt":"Die Frage nach dem Preis ist eine der meistgestellten \u00fcberhaupt. Leider l\u00e4sst sich diese nicht 100% pauschal beantworten. \u00c4hnlich wie beim Autokauf kommt es immer auf das Modell an, was man haben m\u00f6chte.\u00a0Grunds\u00e4tzlich gibt es bei mir verschiedene\u00a0\"Spielzeit-Pakete\", welche Sie unten als Auflistung finden. Inklusive Open-End Option Nat\u00fcrlich mache ich\u2026","rel":"","context":"\u00c4hnlicher Beitrag","block_context":{"text":"\u00c4hnlicher Beitrag","link":""},"img":{"alt_text":"","src":"","width":0,"height":0},"classes":[]},{"id":86,"url":"https:\/\/www.djfio.de\/?page_id=86","url_meta":{"origin":2,"position":3},"title":"Impressum","author":"fio","date":"8. Juni 2017","format":false,"excerpt":"Impressum Angaben gem\u00e4\u00df \u00a7 5 TMG: Oliver Fischer Deejay FiO 92256 Hahnbach Kontakt: Telefon: 01703220589 E-Mail: kontakt@djfio.de Wir sind nicht bereit oder verpflichtet, an Streitbeilegungsverfahren vor einer Verbraucherschlichtungsstelle teilzunehmen. \u00a0 Datenschutzerkl\u00e4rung Datenschutz Die Betreiber dieser Seiten nehmen den Schutz Ihrer pers\u00f6nlichen Daten sehr ernst. Wir behandeln Ihre personenbezogenen Daten vertraulich\u2026","rel":"","context":"\u00c4hnlicher Beitrag","block_context":{"text":"\u00c4hnlicher Beitrag","link":""},"img":{"alt_text":"","src":"","width":0,"height":0},"classes":[]},{"id":157,"url":"https:\/\/www.djfio.de\/?page_id=157","url_meta":{"origin":2,"position":4},"title":"Technik","author":"fio","date":"8. Juni 2017","format":false,"excerpt":"Macbook Pro mit Traktor Audio 6 f\u00fcr die Timecode Steuerung Musikanlage: 1 x 18\" aktiver Subwoofer mit 2 x 15 \" aktive Tops mit Stative alternative 2 x 18 \" aktive Subwoofer mit 2 x 15 \" aktive Tops mit Stative alternative 2 x Bose aktiv S\u00e4ulen System 2 x\u2026","rel":"","context":"\u00c4hnlicher Beitrag","block_context":{"text":"\u00c4hnlicher Beitrag","link":""},"img":{"alt_text":"","src":"","width":0,"height":0},"classes":[]},{"id":229,"url":"https:\/\/www.djfio.de\/","url_meta":{"origin":2,"position":5},"title":"Home","author":"fio","date":"13. Juni 2017","format":false,"excerpt":"Hallo, ich bin Oliver Deejay FiO Sie suchen einen DJ f\u00fcr \u2026 Geburtstagspartys, Hochzeitsfesten, Firmenveranstaltungen, Mottoparty oder Open Air \u2026 mit oder ohne Anlage \u2026 mit verschiedener Beleuchtung f\u00fcr das gewollte Ambiente Dann haben Sie ihn gefunden, seit mehr als 20 Jahren bin ich im Auftrag der Party f\u00fcr Sie\u2026","rel":"","context":"\u00c4hnlicher Beitrag","block_context":{"text":"\u00c4hnlicher Beitrag","link":""},"img":{"alt_text":"","src":"https:\/\/i0.wp.com\/www.djfio.de\/wp-content\/uploads\/2025\/08\/DJ-Allianz-Instagram-neues-Format-1080x1080-1-240x300.png?resize=350%2C200&ssl=1","width":350,"height":200},"classes":[]}],"_links":{"self":[{"href":"https:\/\/www.djfio.de\/index.php?rest_route=\/wp\/v2\/pages\/2","targetHints":{"allow":["GET"]}}],"collection":[{"href":"https:\/\/www.djfio.de\/index.php?rest_route=\/wp\/v2\/pages"}],"about":[{"href":"https:\/\/www.djfio.de\/index.php?rest_route=\/wp\/v2\/types\/page"}],"author":[{"embeddable":true,"href":"https:\/\/www.djfio.de\/index.php?rest_route=\/wp\/v2\/users\/1"}],"replies":[{"embeddable":true,"href":"https:\/\/www.djfio.de\/index.php?rest_route=%2Fwp%2Fv2%2Fcomments&post=2"}],"version-history":[{"count":10,"href":"https:\/\/www.djfio.de\/index.php?rest_route=\/wp\/v2\/pages\/2\/revisions"}],"predecessor-version":[{"id":282,"href":"https:\/\/www.djfio.de\/index.php?rest_route=\/wp\/v2\/pages\/2\/revisions\/282"}],"wp:attachment":[{"href":"https:\/\/www.djfio.de\/index.php?rest_route=%2Fwp%2Fv2%2Fmedia&parent=2"}],"curies":[{"name":"wp","href":"https:\/\/api.w.org\/{rel}","templated":true}]}}